Let t be 11/3 + (3/9 - 0). Suppose 10 = t*z - 2*h, z = 4*z + 5*h - 27. Suppose -x = z*r - 135, -4*r = 3*x - 5*x - 126. What are the prime factors of r?
3, 11
Suppose 0 = -3*s + 3*p + 27, 5*s - 3*p = -0 + 37. Suppose 2*g + 2*u - 400 = 0, 0*u + s*u - 212 = -g. What are the prime factors of g?
197
Let v(w) be the first derivative of -1/4*w**4 + 11/2*w**2 + 3*w + w**3 - 40. What are the prime factors of v(-5)?
2, 37
Let h be 25*(1 + 2 + -2). Let i be (10/25)/((-5)/h). Let o = 23 - i. What are the prime factors of o?
5
Let c(b) be the first derivative of b**3/3 + 3*b**2 - 13*b + 23. Let g be c(-8). Suppose w = g*p + 71, -p = -3*w + 5 + 240. List the prime factors of w.
83
Let k(w) = 10*w**2 - 98*w - 1341. List the prime factors of k(-30).
3, 3533
What are the prime factors of (663368/(-14))/(-4) + (-2)/(-11 + -3)?
2, 5923
Let p(b) = -b**3 + 18*b**2 + 10*b + 6. Let m(h) = h**3 + 8*h**2 + 18. Suppose -4*d + 4 = 0, 4*z + 27 = 4*d - 9*d. Let i be m(z). List the prime factors of p(i).
2, 3, 31
Suppose 2*r + 9 = -15. Let t(h) be the first derivative of -h**4/4 - 13*h**3/3 - 10*h**2 - 24*h + 176. List the prime factors of t(r).
2, 3
Let o = -448 - -449. What are the prime factors of (-8572)/(-28) - o/7?
2, 3, 17
Let p = 82489 - 50149. What are the prime factors of p?
2, 3, 5, 7, 11
Let q = 243 + -957. Let u = 1130 + q. What are the prime factors of u?
2, 13
Let x = -127967 - -181534. List the prime factors of x.
17, 23, 137
Suppose 0 = 35*u - 15*u - 1840. Suppose u = 6*p - 1594. What are the prime factors of p?
281
Let o(b) = 2*b**3 + 74*b**2 + 67*b - 68. Let n be o(-36). Suppose -n*z + 3910 = -95*z. List the prime factors of z.
2, 5, 23
Suppose -14*t = -11*t + 4*u - 87312, 4*t - 116423 = -3*u. List the prime factors of t.
2, 19, 383
Let b(x) = -x**3 + 9*x**2 - 4*x - 15. Let s be b(9). Let z = -48 - s. Let t = z + 13. What are the prime factors of t?
2
Let p = -60 + 61. What are the prime factors of p/(((-2)/618*3)/(-7))?
7, 103
Suppose 0 = -14*d + 6*d + 56. Suppose 2*o = -d*g + 8*g + 300, -768 = -5*o - 2*g. List the prime factors of o.
2, 19
Suppose -424*b + 434*b - 68180 = 0. List the prime factors of b.
2, 7, 487
Suppose -4*m + 2*o + 8838 = -11998, o = -3*m + 15617. Suppose 32*j - 33417 = m. List the prime factors of j.
17, 71
Let s be 6/(-60)*4 + (-252)/(-5). Let u be (1/2 + s/4)*1. Let y = 47 - u. List the prime factors of y.
2, 17
Let g(h) = -9*h**3 + 16*h**2 - 138*h + 10*h**3 + 22 + 90*h. List the prime factors of g(-18).
2, 7, 17
Let i(r) = -r**3 + 58*r**2 - 9*r + 615. What are the prime factors of i(55)?
3, 5, 613
Suppose -98*j + 646309 = -36751. List the prime factors of j.
2, 5, 17, 41
Suppose -v - 15 = -4*v, -4*v = -f - 17. Suppose 5*t - 4392 = -4*g, -f*g - 4*t + 3289 = t. What are the prime factors of g?
1103
Let m(h) = 554*h**2 + 109*h + 66. What are the prime factors of m(7)?
3, 5, 373
Let v = 112 - 179. Let l = 187 + v. Suppose -3*a + l = a. List the prime factors of a.
2, 3, 5
Let p be 2/(-28) - 696/(-336). Suppose 3425 = 3*b - p*r, -26*r = 2*b - 24*r - 2300. List the prime factors of b.
5, 229
Let h be (-2 - 0)/((-1)/(-4)). Let c(v) be the third derivative of -v**4/2 - 10*v**3/3 - 9*v**2. What are the prime factors of c(h)?
2, 19
Let w(t) = 388*t - 299. Let r be w(-9). Let o = -2700 - r. List the prime factors of o.
1091
What are the prime factors of (-6759)/(-2)*160/72?
2, 5, 751
Let k = 3081 - 3050. List the prime factors of k.
31
List the prime factors of 0 - -5063 - 30/(105/7).
3, 7, 241
Suppose -3*b - 2*y = -25414, 3*b = 3*y + 28336 - 2932. List the prime factors of b.
2, 5, 7, 11
Let o = 14855 - 9246. List the prime factors of o.
71, 79
Suppose 0 = -17*o + 238132 + 118622 - 19644. What are the prime factors of o?
2, 3, 5, 661
Let d = -2099 - -11387. List the prime factors of d.
2, 3, 43
Let t(s) = -887*s - 856. What are the prime factors of t(-4)?
2, 673
Suppose -47872 = 107*a - 108*a + 5*u, -u = 0. What are the prime factors of a?
2, 11, 17
Let n = 7445 + -3581. What are the prime factors of n?
2, 3, 7, 23
Let k(s) = s**3 - 8*s**2 - 5*s - 5. Let n be k(6). Let h = 155 + n. Let r = h + 9. List the prime factors of r.
3, 19
Let t be 8/3*(-252)/8. What are the prime factors of (203/(-7))/((-4)/t*-3)?
7, 29
Let i = 11776 + 5486. What are the prime factors of i?
2, 3, 7, 137
Let l = 22375 - 5033. What are the prime factors of l?
2, 13, 23, 29
Let l(h) be the first derivative of 44*h**3/3 + 5*h**2 - 25*h + 180. List the prime factors of l(2).
3, 19
Suppose 0 = -4*f + 5*l - 251, -3*f - 3*l - 187 = -7*l. Let b = 207 + f. List the prime factors of b.
2, 3, 23
Let c = 44 - 44. Suppose 0 = -r - 0*r + 3*j, c = 5*r + 4*j. Suppose g = -4*l + 204, g - l = -r*l + 194. List the prime factors of g.
2, 7
Let x = -26 - -16. Let k = x - -10. List the prime factors of 4*(k + -1 - -2).
2
Let g(a) = 5*a**3 - 6*a**2 + 4*a + 1. Let d be g(4). Let y(p) = -4*p**2 + 421*p - 2443. Let x be y(6). Let n = d + x. List the prime factors of n.
2, 3, 5
Let b be (8/12)/((-24)/(-324)). Suppose r - 1470 = -b*r. What are the prime factors of r?
3, 7
List the prime factors of -7*9978/252*33*-2.
11, 1663
Suppose -27*t = -22*t - 30. Suppose -t*l = -l. What are the prime factors of l + 3 + (-140)/(-4)?
2, 19
Suppose -17 = 11*d - 50. Suppose -d*c = 1 - 4, 4*n - 1739 = -3*c. List the prime factors of n.
2, 7, 31
Suppose 1825 = -382*m + 377*m. What are the prime factors of (-73)/m + 0 + (-6944)/(-5)?
3, 463
Let q(a) = -8*a + 27. Suppose 4*j = -0*j + 2*p + 6, j = -p + 6. Let s be q(j). What are the prime factors of 1*s/(-6)*(-240 + 2)?
7, 17
Suppose -4*o + 114 = -1130. Let d(f) = 7*f + 24. Let p be d(-3). Suppose 0 = 5*l + p*k - 387, 3*l + l - o = -k. What are the prime factors of l?
2, 3, 13
Let z(w) = -w + 20. Let c be z(17). Let m be 105 + -4 + (4 - (c - 4)). Let x = -90 + m. What are the prime factors of x?
2
Suppose -86409 = -3*f + 45*t - 39*t, -2*t = -14. What are the prime factors of f?
28817
Let w(c) = 2*c - 24. Let r = -44 + 56. Let z be w(r). Suppose z = 2*l - 5*l + 27. What are the prime factors of l?
3
Suppose -40*i + 39*i = 678. Let u = i - -1058. What are the prime factors of u?
2, 5, 19
Suppose -14*w = 147*w - 9191477 + 2741656. What are the prime factors of w?
7, 59, 97
Let q = -9 - -4. Let h be (13/(-3))/(2*q/(-210)). Let k = 178 + h. What are the prime factors of k?
3, 29
List the prime factors of ((-415)/(-25) + 1)*3390/4.
2, 3, 11, 113
Let z = 14438 - 10177. What are the prime factors of z?
4261
Let y(h) = 48*h**2 + 79*h + 518. List the prime factors of y(-7).
7, 331
Let i be ((-28)/3)/((-22)/759). Let p = i - 159. Suppose -7*a - p = -8*a. List the prime factors of a.
163
Let x be -4 - (-5 - (-950)/(-5)). Let v be 1 + ((-4)/2 - -1) - -55. Suppose -x = -2*j - v. List the prime factors of j.
2, 17
Suppose -9*f = -2*f + 26432. Let x be f/(-14) + -1*6/(-21). Suppose -6*v = -11*v + x. What are the prime factors of v?
2, 3
Let q(w) = -w - 32. Let b be q(0). Let f = b - -43. Let c(j) = 2*j**2 - 17*j - 6. List the prime factors of c(f).
7
Let r be -2*(-5)/10*-451. Let c = 1149 + r. List the prime factors of c.
2, 349
Suppose -3*c + 42417 = -4*o + 207446, 5*o = 3*c + 206281. List the prime factors of o.
2, 10313
Suppose -12496 = 28*f - 50*f. What are the prime factors of f - 15/((-75)/20)?
2, 11, 13
Let r(w) = w**3 + 31*w**2 + 24*w - 288. What are the prime factors of r(20)?
2, 3, 11, 13
Let i = -83 - -84. Let j be 1281 + ((3/3)/i - 4). Suppose -6*v = 3*v - j. What are the prime factors of v?
2, 71
Let q(y) = 148*y**2 + 250*y - 1234. What are the prime factors of q(5)?
2, 929
Let l(g) = -9*g**2 + 4*g**2 - g**3 + 2*g**3 + 28*g**2 + 36*g + 29 + 2*g**2. What are the prime factors of l(-12)?
13, 113
Let a(k) = -7 + 3*k**3 + 37 + 10 - 24*k + 18*k**2 - 2*k**3. List the prime factors of a(-18).
2, 59
List the prime factors of 3/((-24)/(-168632)) - (-21)/((-24)/8).
2, 3, 439
Suppose 5*b = -4*z, -z + 2*z = -b. Suppose 5 = -5*f - z. List the prime factors of f + (-9)/(-3) + 166.
2, 3, 7
Let q be 4/7 - (-543)/(-7). Let j = 67 + q. Let t(u) = -5*u - 6. What are the prime factors of t(j)?
2, 11
Let r = -107 + 106. Suppose -21 + 1 = -5*y. What are the prime factors of (2 - -146) + y/r?
2, 3
Suppose -v + 7*v = -17*v + 454733. What are the prime factors of v?
17, 1163
Let v(z) 